igit of t?
5
Let n be 24/(-14)*28/(-8). Suppose -4*p = -n*p + 10. What is the units digit of p?
5
Let a(l) = 13*l**2 - 23*l - 1. What is the units digit of a(5)?
9
Let z be 0 + 3 + 0/2. Let g(q) = 8*q + 1. What is the tens digit of g(z)?
2
Let o(y) = 0*y + y + 0*y - 3 + 2*y. What is the units digit of o(3)?
6
Let m(c) be the first derivative of 1 + c**2 - 3*c + 3*c**2 - 5*c**2. What is the units digit of m(-2)?
1
Let p be -1 + 1 + (-8)/(-2). Suppose -h + 0*s - p*s = -7, 5 = 3*h - 4*s. Suppose h*t - 49 = -5*d, -4*d = -2*t - 5*d + 21. What is the units digit of t?
8
What is the hundreds digit of 3 + (-3 - 223/2)*-2?
2
Let x = 482 - 314. Suppose -3*j + 7*j = -2*w + 160, 4*j - 2*w - x = 0. What is the units digit of j?
1
Suppose -c - 15 = -4*c. Let h = -41 + 46. Suppose 0 = 2*m + h*u - 14, -c*m + 119 = u + 38. What is the units digit of m?
7
Let o(b) = 14*b**2 + 5*b + 1. What is the units digit of o(-2)?
7
Let w(z) = -2*z**3 + 3*z**2 + 3*z. Let t be w(-3). Suppose -2*n = n + 9, 3*h - 4*n = t. What is the units digit of h?
0
Let p = 14 + -8. Let o be p - 1/2*0. What is the units digit of (-92)/(-12) - (-2)/o?
8
Let p be 170/3 + (-8)/12. What is the units digit of (22/8 + -2)*p?
2
Let m = 6 + -6. Suppose m*p = -5*p + 25. What is the units digit of p?
5
Let h be ((-6)/4)/(6/(-104)). Let m be (-3)/(2 + (-55)/h). Let g = m + -13. What is the tens digit of g?
1
Let z(v) = -v**3 + 10*v**2 + 12*v - 3. Let f be z(11). What is the units digit of (-32)/f*19/(-4)?
9
Suppose -377 = -5*d + 3*r - 0*r, -2*r = -2. What is the units digit of d?
6
Suppose 2*l + 1 = 7. Suppose 0 = -2*z + 9 + l. What is the units digit of z?
6
What is the units digit of (36/(-27))/(4/(-9))?
3
Let a(x) = -x - 2. Let h(q) = -q - 1. Let b(i) = -2*a(i) + 3*h(i). Let v be b(-1). Suppose 4*j = v*m + 2, 5*m + j - 7 = 5*j. What is the units digit of m?
3
Let l(x) = x**2 + x. Let n be l(0). Suppose -3*f + 6*f - 30 = n. What is the tens digit of f?
1
Suppose 5*l - 2*f - 55 = 375, 0 = -5*l - 4*f + 460. What is the tens digit of l?
8
Let i = 7 - -44. Let h = -31 + i. Suppose -4*v + 4 = -h. What is the units digit of v?
6
Let s = 0 - -5. Let f be (-2)/s + (-204)/(-10). Suppose -6*h + f = -2*h. What is the units digit of h?
5
Let a(h) = -7*h**3 + h. Let r be a(-1). Let o(y) = y**2 - 6*y - 1. Let g be o(r). Let f = 1 - g. What is the units digit of f?
2
Let i(m) = 8*m. Let s be i(2). Suppose -2*b - 5*t = -3*b - 25, b + 3*t = -1. Let l = s + b. What is the units digit of l?
6
Let b = 77 - 7. Let f = -104 + b. Let k = f + 50. What is the tens digit of k?
1
Let y(d) = 4*d**2 - d. Let a be y(-1). Suppose r + 60 = 5*r + 2*v, a*r - 75 = v. What is the tens digit of r?
1
Let v be (-2 - -4)/(-2)*-2. What is the tens digit of (61 + v)*(-4)/(-12)?
2
Suppose -o - 85 = 4*o + 2*f, 0 = -5*o + f - 70. Let v = 66 + o. What is the units digit of v?
1
Let d = -32 - -19. What is the tens digit of 40 + 0 + (d - -16)?
4
Suppose -u = -2*q + 47, 0*u - 4 = -4*u. What is the tens digit of q?
2
Let n(w) = -w**2 - 23*w + 22. What is the hundreds digit of n(-11)?
1
Suppose 4*z = f + 124, 0 = 3*z - 2*f + 6*f - 112. What is the units digit of z?
2
Let c = 4 - 1. Suppose -5*h + 0*h = c*q - 31, -35 = -5*h - 5*q. What is the units digit of h?
5
Let c(i) = -i**2 + 2*i + 5. Let l be c(4). Let a = l - -13. What is the units digit of a?
0
What is the hundreds digit of (-2)/7 + 6411*5/105?
3
Suppose -u + 1 = -0*g - g, 3*u + 3*g - 15 = 0. Suppose -6 = -3*x - u. Suppose -k - 2*y + 6 = 0, -3*y + 4 - x = 0. What is the units digit of k?
4
Let x(i) be the third derivative of i**6/360 - i**5/30 - i**4/6 - i**3/2 + 4*i**2. Let t(j) be the first derivative of x(j). What is the units digit of t(5)?
1
Suppose -3*f - 2*f = -140. Let z = f - 49. Let j = z - -35. What is the units digit of j?
4
Let d(s) = 4*s**2 + 4*s + 5. Let u(h) = -5*h**2 - 3*h - 4. Let g(b) = -4*d(b) - 3*u(b). Let o be g(-6). Let y = 0 - o. What is the units digit of y?
2
Let j be (-2 + -2)*3/(-6). Suppose 5*h = -25, h - 2*h + 29 = j*n. Let u = n + -10. What is the units digit of u?
7
Let z be ((-6)/15 + 1)*5. Suppose 0 = 2*x + t + 2, 5*t + z = -3*x. What is the units digit of 2/((-21)/(-15) + x)?
5
Suppose -2*x - x + 93 = 3*c, 4*c - 2*x = 148. What is the tens digit of c?
3
Suppose 2*b - 4 = -0. Let x(d) = d + 2*d**b - 5 + 8 + 0*d + d. What is the units digit of x(-2)?
7
Let h(w) = 101*w + 9. What is the tens digit of h(2)?
1
Let x be 2*(-3*2)/(-3). Suppose -2*c = -x*a + 3*c + 18, -5*a + 4*c = -18. What is the units digit of a/(1 - (-13)/(-15))?
5
Suppose -3 = -5*j + 7. Suppose 0 = -4*u + j*u. Suppose u*v + 10 = 5*v. What is the units digit of v?
2
Suppose 0*y - 3*y + 6 = 0. Suppose -y*b + 4 = -b. What is the tens digit of b/6 - (-56)/6?
1
Suppose 2*b + 2*b - 28 = 0. Suppose 156 = b*l - 3*l. What is the tens digit of l?
3
Let k(w) = w - 13. What is the units digit of k(14)?
1
Let s(g) = -3*g**3 + g**2 - 2*g + 7. What is the tens digit of s(-4)?
2
Let z = 18 + -6. What is the tens digit of z?
1
Let o(f) = -f**2 - 6*f + 4. Let r be (-12 + 10)/((-1)/(-2)). What is the units digit of o(r)?
2
Let s(m) = m - 2. Let u be s(0). Let l be 1/u + (-196)/(-8). Suppose n = -3*n + l. What is the units digit of n?
6
What is the units digit of 3/15 + 396/20?
0
Let k(z) = z**3 + 4*z**2 - 2*z - 6. Suppose -4 = 4*w - 20. Let f = 0 - w. What is the units digit of k(f)?
2
Let u(g) = -g**3 - 4*g**2 + 3*g - 5. Let z be u(-4). What is the units digit of z/(-2)*(-9 - -11)?
7
Let s = -33 - -169. What is the units digit of s?
6
Let c(g) = -6 - g**3 + 0*g**2 + g + 8*g**2 + 4*g - 2*g. What is the units digit of c(8)?
8
Let f(b) = b**3 - 3*b**2 + b + 3. Suppose 0 = 5*i + 2*x - 15, 4*x + 4 = -2*i + 10. Let s be f(i). Let t = s + -2. What is the units digit of t?
4
Let r be 2 - (7 + 2 + -3). Let m = 0 - r. Suppose 0 = -0*t - 4*t - 2*z + 22, 0 = -m*z + 12. What is the units digit of t?
4
Let y(n) = n**3 - 2*n**2 - n - 2. Let f be y(3). Let l(u) = -u**3 + 6*u**2 - 5*u - 3. What is the units digit of l(f)?
9
Let n(x) = -x**3 + 10*x**2 - 6*x - 4. Let u be n(6). What is the units digit of u/16 - (-1)/2?
7
Let s(q) = -4 - q - 4*q - 6*q**2 + q**3 - q - q**2. What is the units digit of s(8)?
2
Suppose -4*h = 0, -7*m + 4*m - 5*h = 27. Let c be 15*(3 + 24/m). Suppose -c*w + 0*z + 14 = z, 0 = 2*w - 3*z - 9. What is the units digit of w?
3
Let d be (-3 - 0) + 2 + 2. Let c = d + 1. What is the units digit of c?
2
Let y(h) = -2*h**3 - 4*h**2 - 3*h - 1. Let o be y(-2). Suppose 3*c - c + 2*u - 4 = 0, o*u = 5*c - 60. What is the units digit of c?
7
Let h(l) = -2*l**3 + 9*l**2 + 5*l - 5. What is the units digit of h(4)?
1
What is the tens digit of 8 + -11 - 339/(-3)?
1
Suppose 0 = 3*z + n - 204, 2*n - 1 = 5. What is the tens digit of z?
6
Let x = -17 - -10. Let a = 6 + x. Let y = 2 + a. What is the units digit of y?
1
Suppose -2*w = 10, w + 4*w + 127 = 3*v. What is the units digit of v?
4
Let y(m) = -2*m**3 + m**2 + m + 1. Suppose 1 = -5*d - 4. Let b be y(d). Suppose 2*u + 2 = b*u, -2*h - u + 16 = 0. What is the units digit of h?
7
Let k be (9 - 2 - 3) + 0. Suppose -4*s = k*r + 16, -3*s - 19 = -6*r + 2*r. What is the units digit of r?
1
Let f be (-4)/(2*(-2 + 1)). Let v(i) = -4 - i - f + 4. What is the units digit of v(-6)?
4
Let j(y) = y - 1. Let b be j(1). Suppose 0 = -n + 5*g + 10, -3*n - 1 = g - 15. Suppose -n*v + b*v = -45. What is the units digit of v?
9
What is the tens digit of 190/6 + 5/(-3)?
3
Suppose 4*d + 86 = 226. Suppose 0 = -5*c + 2*p - p + 107, 2*c - d = 3*p. Let x = 33 - c. What is the tens digit of x?
1
Suppose 29 + 341 = 5*y. What is the tens digit of y?
7
Let j = -59 + 119. What is the units digit of j?
0
Suppose 8*j - 55 = 113. What is the tens digit of j?
2
Let f(r) = -r**3 + 5*r**2 + 7*r - 1. What is the tens digit of f(5)?
3
Let i be -25*(-2 + -3 + 4). What is the units digit of i + 0 + (-3)/1?
2
Let i = 47 - -39. What is the units digit of i?
6
What is the tens digit of (-68)/(-10)*10/2?
3
Suppose -m + 44 + 11 = 0. What is the units digit of m?
5
Let f(n) be the third derivative of -n**6/120 - n**5/30 - n**4/24 + n**3/3 + n**2. What is the units digit of f(-2)?
4
Let i be 8/44 - (-344)/44. Let q = 39 - i. What is the units digit of q?
1
What is the units digit of -10*(-1)/(-2)*(-118)/5?
8
Let y(m) 